{"id":1036,"date":"2024-12-05T11:26:44","date_gmt":"2024-12-05T11:26:44","guid":{"rendered":"https:\/\/plasfich.pt\/?page_id=1036"},"modified":"2025-09-27T11:00:37","modified_gmt":"2025-09-27T11:00:37","slug":"decarbonisation","status":"publish","type":"page","link":"https:\/\/plasfich.pt\/en\/decarbonisation\/","title":{"rendered":"Decarbonisation"},"content":{"rendered":"\n<div style=\"height:100px\" aria-hidden=\"true\" class=\"wp-block-spacer\"><\/div>\n\n\n\n<figure class=\"wp-block-image size-full is-resized\"><img loading=\"lazy\" decoding=\"async\" width=\"1024\" height=\"114\" src=\"https:\/\/plasfich.pt\/wp-content\/uploads\/2024\/12\/PRR_BARRA_2024_Comp.jpg\" alt=\"\" class=\"wp-image-459\" style=\"width:650px\" srcset=\"https:\/\/plasfich.pt\/wp-content\/uploads\/2024\/12\/PRR_BARRA_2024_Comp.jpg 1024w, https:\/\/plasfich.pt\/wp-content\/uploads\/2024\/12\/PRR_BARRA_2024_Comp-500x56.jpg 500w, https:\/\/plasfich.pt\/wp-content\/uploads\/2024\/12\/PRR_BARRA_2024_Comp-300x33.jpg 300w, https:\/\/plasfich.pt\/wp-content\/uploads\/2024\/12\/PRR_BARRA_2024_Comp-768x86.jpg 768w, https:\/\/plasfich.pt\/wp-content\/uploads\/2024\/12\/PRR_BARRA_2024_Comp-150x17.jpg 150w, https:\/\/plasfich.pt\/wp-content\/uploads\/2024\/12\/PRR_BARRA_2024_Comp-480x53.jpg 480w\" sizes=\"auto, (max-width:767px) 480px, (max-width:1024px) 100vw, 1024px\" \/><\/figure>\n\n\n\n<div style=\"height:100px\" aria-hidden=\"true\" class=\"wp-block-spacer\"><\/div>\n\n\n\n<h2 class=\"wp-block-heading\">Recovery and Resilience Plan<br>Support for Industrial Decarbonisation<\/h2>\n\n\n\n<h5 class=\"wp-block-heading\">Modality A<\/h5>\n\n\n\n<p><strong>Project Title:<\/strong> PLASFICH \u2013 Decarbonisation and Climate Transition in the Thermoplastics Manufacturing and Processing Segment<\/p>\n\n\n\n<p><strong>Main Objective:<\/strong> Achieve an annual GHG emissions reduction of 96.6%, significantly contributing to the national target of a 30% reduction in industrial emissions by 2030.<\/p>\n\n\n\n<p><strong>Beneficiary Entity:<\/strong> PLASFICH \u2013 ENGENHARIA, CONSTRU\u00c7\u00c3O E MANUTEN\u00c7\u00c3O EM TERMOPL\u00c1STICOS, LDA<\/p>\n\n\n\n<p><strong>Approval Date:<\/strong> 14 March 2023<br><strong>Start Date:<\/strong> 3 April 2023<br><strong>End Date:<\/strong> 2 April 2024<br><strong>Total Eligible Cost:<\/strong> \u20ac155,000.00<br><strong>EU Financial Support:<\/strong> \u20ac116,250.00<\/p>\n\n\n\n<div style=\"height:40px\" aria-hidden=\"true\" class=\"wp-block-spacer\"><\/div>\n\n\n\n<h3 class=\"wp-block-heading\">Project Summary<\/h3>\n\n\n\n<p>PLASFICH \u2013 ENGENHARIA, CONSTRU\u00c7\u00c3O E MANUTEN\u00c7\u00c3O EM TERMOPL\u00c1STICOS, LDA is dedicated to manufacturing industrial products through the processing of construction-grade thermoplastics, ensuring the custom development of equipment such as storage tanks, deodorisation systems, piping, and more. Embedded in these production processes is an environmental focus associated with PROCESS and PRODUCT innovation, with the project aiming to reduce the environmental impact of its activities.<\/p>\n\n\n\n<p>The project aligns with the three types outlined in the Call Notice \u2013 low-carbon processes and technologies, energy efficiency measures, and incorporation of renewable energy and energy storage \u2013 involving investments that promote a paradigm shift in resource use, implementing the measures of the PNEC 2030 and helping to accelerate the transition to a carbon-neutral economy.<\/p>\n\n\n\n<p>PLASFICH aims to achieve an annual GHG emissions reduction of 96.6%, contributing to the national target of a 30% reduction.<\/p>\n\n\n\n<p>The Recovery and Resilience Plan can be consulted via the website<br><a href=\"https:\/\/recuperarportugal.gov.pt\/plano-de-recuperacao-e-resiliencia\/\" target=\"_blank\" rel=\"noopener\">https:\/\/recuperarportugal.gov.pt\/plano-de-recuperacao-e-resiliencia\/<\/a><\/p>\n\n\n\n<div style=\"height:100px\" aria-hidden=\"true\" class=\"wp-block-spacer\"><\/div>\n","protected":false},"excerpt":{"rendered":"<p>Recovery and Resilience PlanSupport for Industrial Decarbonisation Modality A Project Title: PLASFICH \u2013 Decarbonisation and Climate Transition in the Thermoplastics Manufacturing and Processing Segment Main Objective:<span class=\"excerpt-hellip\"> [\u2026]<\/span><\/p>\n","protected":false},"author":2,"featured_media":0,"parent":0,"menu_order":0,"comment_status":"closed","ping_status":"closed","template":"","meta":{"footnotes":""},"class_list":["post-1036","page","type-page","status-publish","hentry"],"_links":{"self":[{"href":"https:\/\/plasfich.pt\/en\/wp-json\/wp\/v2\/pages\/1036","targetHints":{"allow":["GET"]}}],"collection":[{"href":"https:\/\/plasfich.pt\/en\/wp-json\/wp\/v2\/pages"}],"about":[{"href":"https:\/\/plasfich.pt\/en\/wp-json\/wp\/v2\/types\/page"}],"author":[{"embeddable":true,"href":"https:\/\/plasfich.pt\/en\/wp-json\/wp\/v2\/users\/2"}],"replies":[{"embeddable":true,"href":"https:\/\/plasfich.pt\/en\/wp-json\/wp\/v2\/comments?post=1036"}],"version-history":[{"count":1,"href":"https:\/\/plasfich.pt\/en\/wp-json\/wp\/v2\/pages\/1036\/revisions"}],"predecessor-version":[{"id":1041,"href":"https:\/\/plasfich.pt\/en\/wp-json\/wp\/v2\/pages\/1036\/revisions\/1041"}],"wp:attachment":[{"href":"https:\/\/plasfich.pt\/en\/wp-json\/wp\/v2\/media?parent=1036"}],"curies":[{"name":"wp","href":"https:\/\/api.w.org\/{rel}","templated":true}]}}

<div style="height:100px" aria-hidden="true" class="wp-block-spacer"></div>



<figure class="wp-block-image size-full is-resized"><img loading="lazy" decoding="async" width="1024" height="114" src="https://plasfich.pt/wp-content/uploads/2024/12/PRR_BARRA_2024_Comp.jpg" alt="" class="wp-image-459" style="width:650px" srcset="https://plasfich.pt/wp-content/uploads/2024/12/PRR_BARRA_2024_Comp.jpg 1024w, https://plasfich.pt/wp-content/uploads/2024/12/PRR_BARRA_2024_Comp-500x56.jpg 500w, https://plasfich.pt/wp-content/uploads/2024/12/PRR_BARRA_2024_Comp-300x33.jpg 300w, https://plasfich.pt/wp-content/uploads/2024/12/PRR_BARRA_2024_Comp-768x86.jpg 768w, https://plasfich.pt/wp-content/uploads/2024/12/PRR_BARRA_2024_Comp-150x17.jpg 150w, https://plasfich.pt/wp-content/uploads/2024/12/PRR_BARRA_2024_Comp-480x53.jpg 480w" sizes="auto, (max-width:767px) 480px, (max-width:1024px) 100vw, 1024px" /></figure>



<div style="height:100px" aria-hidden="true" class="wp-block-spacer"></div>



<h2 class="wp-block-heading">Recovery and Resilience Plan<br>Support for Industrial Decarbonisation</h2>



<h5 class="wp-block-heading">Modality A</h5>



<p><strong>Project Title:</strong> PLASFICH – Decarbonisation and Climate Transition in the Thermoplastics Manufacturing and Processing Segment</p>



<p><strong>Main Objective:</strong> Achieve an annual GHG emissions reduction of 96.6%, significantly contributing to the national target of a 30% reduction in industrial emissions by 2030.</p>



<p><strong>Beneficiary Entity:</strong> PLASFICH – ENGENHARIA, CONSTRUÇÃO E MANUTENÇÃO EM TERMOPLÁSTICOS, LDA</p>



<p><strong>Approval Date:</strong> 14 March 2023<br><strong>Start Date:</strong> 3 April 2023<br><strong>End Date:</strong> 2 April 2024<br><strong>Total Eligible Cost:</strong> €155,000.00<br><strong>EU Financial Support:</strong> €116,250.00</p>



<div style="height:40px" aria-hidden="true" class="wp-block-spacer"></div>



<h3 class="wp-block-heading">Project Summary</h3>



<p>PLASFICH – ENGENHARIA, CONSTRUÇÃO E MANUTENÇÃO EM TERMOPLÁSTICOS, LDA is dedicated to manufacturing industrial products through the processing of construction-grade thermoplastics, ensuring the custom development of equipment such as storage tanks, deodorisation systems, piping, and more. Embedded in these production processes is an environmental focus associated with PROCESS and PRODUCT innovation, with the project aiming to reduce the environmental impact of its activities.</p>



<p>The project aligns with the three types outlined in the Call Notice – low-carbon processes and technologies, energy efficiency measures, and incorporation of renewable energy and energy storage – involving investments that promote a paradigm shift in resource use, implementing the measures of the PNEC 2030 and helping to accelerate the transition to a carbon-neutral economy.</p>



<p>PLASFICH aims to achieve an annual GHG emissions reduction of 96.6%, contributing to the national target of a 30% reduction.</p>



<p>The Recovery and Resilience Plan can be consulted via the website<br><a href="https://recuperarportugal.gov.pt/plano-de-recuperacao-e-resiliencia/" target="_blank" rel="noopener">https://recuperarportugal.gov.pt/plano-de-recuperacao-e-resiliencia/</a></p>



<div style="height:100px" aria-hidden="true" class="wp-block-spacer"></div>
